{"id":50,"date":"2022-03-25T13:39:00","date_gmt":"2022-03-25T13:39:00","guid":{"rendered":"https:\/\/saentis-expo02-kreuz.ch\/?page_id=50"},"modified":"2022-03-28T12:55:05","modified_gmt":"2022-03-28T12:55:05","slug":"der-buss-und-bettag","status":"publish","type":"page","link":"https:\/\/saentis-expo02-kreuz.ch\/?page_id=50","title":{"rendered":"Der Buss- und Bettag"},"content":{"rendered":"<p>[et_pb_section fb_built=&#8220;1&#8243; _builder_version=&#8220;4.15&#8243; global_colors_info=&#8220;{}&#8220;][et_pb_row _builder_version=&#8220;4.15&#8243; background_size=&#8220;initial&#8220; background_position=&#8220;top_left&#8220; background_repeat=&#8220;repeat&#8220; global_colors_info=&#8220;{}&#8220;][et_pb_column type=&#8220;4_4&#8243; _builder_version=&#8220;4.15&#8243; custom_padding=&#8220;|||&#8220; global_colors_info=&#8220;{}&#8220; custom_padding__hover=&#8220;|||&#8220;][et_pb_image src=&#8220;https:\/\/saentis-expo02-kreuz.ch\/wp-content\/uploads\/2022\/03\/Betende-Haende.jpg&#8220; title_text=&#8220;Betende H\u00e4nde&#8220; align=&#8220;center&#8220; _builder_version=&#8220;4.15.1&#8243; _module_preset=&#8220;default&#8220; global_colors_info=&#8220;{}&#8220;][\/et_pb_image][\/et_pb_column][\/et_pb_row][\/et_pb_section][et_pb_section fb_built=&#8220;1&#8243; _builder_version=&#8220;4.15&#8243; global_colors_info=&#8220;{}&#8220;][et_pb_row _builder_version=&#8220;4.15.1&#8243; _module_preset=&#8220;default&#8220; global_colors_info=&#8220;{}&#8220;][et_pb_column type=&#8220;4_4&#8243; _builder_version=&#8220;4.15.1&#8243; _module_preset=&#8220;default&#8220; global_colors_info=&#8220;{}&#8220;][et_pb_text _builder_version=&#8220;4.15.1&#8243; _module_preset=&#8220;default&#8220; hover_enabled=&#8220;0&#8243; global_colors_info=&#8220;{}&#8220; sticky_enabled=&#8220;0&#8243;]<\/p>\n<h1><strong>Der Buss- und Bettag der Schweiz<\/strong><\/h1>\n<p>[\/et_pb_text][et_pb_text _builder_version=&#8220;4.15.1&#8243; _module_preset=&#8220;default&#8220; global_colors_info=&#8220;{}&#8220;]<\/p>\n<h3><span>Historisches<\/span><\/h3>\n<p><span>Die Buss- und Bettage des Christentums sind aus der Praxis des Judentums hervorgegangen. In Notzeiten des sp\u00e4ten Mittelalters tauchten Buss- und Dankfeiern als Gegenstand eidgen\u00f6ssischer Tagsatzungen auf. Die Tradition des &#8222;Grossen Gebets der Eidgenossen&#8220; ist erstmals 1517 schriftlich \u00fcberliefert. Obrigkeiten reformierter Orte legten im 16. Jahrhundert anl\u00e4sslich von Pestz\u00fcgen und Teuerungen w\u00f6chentliche oder monatliche Buss- und Bettage fest (Basel 1541, Z\u00fcrich 1571, Bern 1577), die sp\u00e4ter h\u00e4ufig mit Fasten\u00fcbungen und Kollekten f\u00fcr Not leidende Glaubensgenossen verbunden wurden (z.B. 1655 Waldenser). Nachdem 1619 zum Dank \u00fcber den Erfolg der\u00a0<\/span><span class=\"wikilink\"><a class=\"rtxt\" title=\"Dordrechter Synode\" target=\"_blank\" rel=\"noopener noreferrer\" href=\"https:\/\/hls-dhs-dss.ch\/de\/articles\/017196\/2006-01-24\/\">Dordrechter Synode<\/a><\/span><span>\u00a0ein erster gemeinsamer Buss- und Bettag der evangelischen Orte stattgefunden hatte, beschloss die evangelische Tagsatzung 1639 &#8211; w\u00e4hrend des Dreissigj\u00e4hrigen Kriegs, der die Busspraxis allgemein stark beeinflusst hat &#8211; aus Dankbarkeit f\u00fcr die bisherige Bewahrung die Einf\u00fchrung eines allj\u00e4hrlichen Buss- und Bettages. 1643 vereinbarten auch die katholischen St\u00e4nde, Buss- und Bettage anzuordnen. Im Juli 1796 beschloss die gemeineidgen\u00f6ssische Tagsatzung auf Antrag Berns und angesichts der drohenden Revolution, den Buss- und Bettag am 8.9.1796 erstmals als allgemeine eidgen\u00f6sische Festfeier durchzuf\u00fchren. Der Buss- und Bettag \u00fcberdauerte Helvetik, Mediation und Restauration, wenn auch von Katholiken und Reformierten an verschiedenen Tagen begangen. In der Regeneration legte die Tagsatzung am 1.8.1832 auf Antrag des Aargaus den Buss- und Bettag f\u00fcr alle Kantone auf den dritten Sonntag im September fest. Graub\u00fcnden beharrte indessen bis 1848 auf dem zweiten Donnerstag im November und in Genf findet der Buss- und Bettag noch zu Beginn des 21. Jh. am Donnerstag nach dem ersten Sonntag im September statt. Die Anordnung des Eidgen\u00f6sischen Buss- und Bettages blieb auch im Bundesstaat seit 1848 Sache der Kantone bzw. der reformierten kantonalen Beh\u00f6rden und der katholischen Bist\u00fcmer. Im Bundesrecht orientiert sich einzig das Gesch\u00e4ftsverkehrsgesetz bez\u00fcglich Beginn der Herbstsession am Buss- und Bettag. Zun\u00e4chst erliessen die Kantonsregierungen Bettagsmandate, die aus religi\u00f6ser Sicht auf die aktuellen geistigen, sittlichen, aber auch politischen, wirtschaftlichen und sozialen Themen eingingen. Als Z\u00fcrcher Staatsschreiber verfasste z.B. Gottfried Keller 1863-72 solche Mandate. Die Bisch\u00f6fe beschlossen 1886 eine f\u00fcr die ganze katholische Schweiz verbindliche Festordnung und publizierten zu diesem Anlass einen Hirtenbrief. Seit dem 2. Vatikan. Konzil wird der Eidgen\u00f6sische\u00a0 Buss- und Bettag als \u00f6kumenischer Festtag begangen.<\/span><\/p>\n<p><span>Quelle: <a href=\"https:\/\/hls-dhs-dss.ch\/de\/articles\/010106\/2015-03-20\/\" target=\"_blank\" rel=\"noopener\">Historisches Lexikon der Schweiz <\/a><\/span><span>und weitere Informationen auch in <a href=\"https:\/\/de.wikipedia.org\/wiki\/Eidgen%C3%B6ssischer_Dank-,_Buss-_und_Bettag\" target=\"_blank\" rel=\"noopener\">Wikipedia<\/a>.<\/span><\/p>\n<p>[\/et_pb_text][et_pb_text _builder_version=&#8220;4.15.1&#8243; _module_preset=&#8220;default&#8220; global_colors_info=&#8220;{}&#8220;]<\/p>\n<h3><span>Der Buss- und Bettag auf dem S\u00e4ntis<\/span><\/h3>\n<p>Mit dem Expo.02 Kreuz ab dem November 2002 auf dem S\u00e4ntis verbunden, wird ab dem Jahr 2003 j\u00e4hrlich der Buss- und Bettag auch auf dem S\u00e4ntis gefeiert. Dazu versammeln sich jeweils Gl\u00e4ubige aus allen christlichen Denominationen am dritten Sonntag im September auf dem S\u00e4ntis zum Gebet vor Gott.<\/p>\n<p>F\u00fcr weitere Informationen <a href=\"https:\/\/www.gebet.ch\/anlaesse\/gebet-auf-den-hoehen\/saentis-gebet\" target=\"_blank\" rel=\"noopener\">hier<\/a>.<\/p>\n<p>&nbsp;<\/p>\n<p>[\/et_pb_text][\/et_pb_column][\/et_pb_row][et_pb_row column_structure=&#8220;1_3,1_3,1_3&#8243; make_equal=&#8220;on&#8220; _builder_version=&#8220;4.15.1&#8243; _module_preset=&#8220;default&#8220; global_colors_info=&#8220;{}&#8220;][et_pb_column type=&#8220;1_3&#8243; _builder_version=&#8220;4.15.1&#8243; _module_preset=&#8220;default&#8220; global_colors_info=&#8220;{}&#8220;][et_pb_image src=&#8220;https:\/\/saentis-expo02-kreuz.ch\/wp-content\/uploads\/2022\/03\/2020_Saentis_M.Schildk..jpg&#8220; title_text=&#8220;2020_Saentis_M.Schildk.&#8220; _builder_version=&#8220;4.15.1&#8243; _module_preset=&#8220;default&#8220; global_colors_info=&#8220;{}&#8220;][\/et_pb_image][\/et_pb_column][et_pb_column type=&#8220;1_3&#8243; _builder_version=&#8220;4.15.1&#8243; _module_preset=&#8220;default&#8220; global_colors_info=&#8220;{}&#8220;][et_pb_image src=&#8220;https:\/\/saentis-expo02-kreuz.ch\/wp-content\/uploads\/2022\/03\/2020_Saentis_M.Schildk.jpg&#8220; title_text=&#8220;2020_Saentis_M.Schildk&#8220; _builder_version=&#8220;4.15.1&#8243; _module_preset=&#8220;default&#8220; global_colors_info=&#8220;{}&#8220;][\/et_pb_image][\/et_pb_column][et_pb_column type=&#8220;1_3&#8243; _builder_version=&#8220;4.15.1&#8243; _module_preset=&#8220;default&#8220; global_colors_info=&#8220;{}&#8220;][et_pb_video src=&#8220;https:\/\/vimeo.com\/525460667&#8243; _builder_version=&#8220;4.15.1&#8243; _module_preset=&#8220;default&#8220; global_colors_info=&#8220;{}&#8220;][\/et_pb_video][\/et_pb_column][\/et_pb_row][\/et_pb_section]<\/p>\n","protected":false},"excerpt":{"rendered":"<p>Der Buss- und Bettag der SchweizHistorisches Die Buss- und Bettage des Christentums sind aus der Praxis des Judentums hervorgegangen. In Notzeiten des sp\u00e4ten Mittelalters tauchten Buss- und Dankfeiern als Gegenstand eidgen\u00f6ssischer Tagsatzungen auf. Die Tradition des &#8222;Grossen Gebets der Eidgenossen&#8220; ist erstmals 1517 schriftlich \u00fcberliefert. Obrigkeiten reformierter Orte legten im 16. Jahrhundert anl\u00e4sslich von Pestz\u00fcgen [&hellip;]<\/p>\n","protected":false},"author":2,"featured_media":0,"parent":0,"menu_order":0,"comment_status":"closed","ping_status":"closed","template":"","meta":{"_et_pb_use_builder":"on","_et_pb_old_content":"","_et_gb_content_width":"","footnotes":""},"class_list":["post-50","page","type-page","status-publish","hentry"],"_links":{"self":[{"href":"https:\/\/saentis-expo02-kreuz.ch\/index.php?rest_route=\/wp\/v2\/pages\/50","targetHints":{"allow":["GET"]}}],"collection":[{"href":"https:\/\/saentis-expo02-kreuz.ch\/index.php?rest_route=\/wp\/v2\/pages"}],"about":[{"href":"https:\/\/saentis-expo02-kreuz.ch\/index.php?rest_route=\/wp\/v2\/types\/page"}],"author":[{"embeddable":true,"href":"https:\/\/saentis-expo02-kreuz.ch\/index.php?rest_route=\/wp\/v2\/users\/2"}],"replies":[{"embeddable":true,"href":"https:\/\/saentis-expo02-kreuz.ch\/index.php?rest_route=%2Fwp%2Fv2%2Fcomments&post=50"}],"version-history":[{"count":11,"href":"https:\/\/saentis-expo02-kreuz.ch\/index.php?rest_route=\/wp\/v2\/pages\/50\/revisions"}],"predecessor-version":[{"id":121,"href":"https:\/\/saentis-expo02-kreuz.ch\/index.php?rest_route=\/wp\/v2\/pages\/50\/revisions\/121"}],"wp:attachment":[{"href":"https:\/\/saentis-expo02-kreuz.ch\/index.php?rest_route=%2Fwp%2Fv2%2Fmedia&parent=50"}],"curies":[{"name":"wp","href":"https:\/\/api.w.org\/{rel}","templated":true}]}}